 183818, 4*c + 2216*p = 2215*p + 367591. List the prime factors of c.
2, 5, 919
Let r(q) = 225*q**2 + 17*q + 8. Let y be r(-7). Suppose -57*l + y + 37365 = 0. List the prime factors of l.
7, 11
List the prime factors of (49863 - -160) + (0 - -11).
2, 3, 31, 269
Let y be 2297 + (-7 + 3)/(-1). Suppose -3*s + y = -1065. List the prime factors of s.
2, 3, 11, 17
Suppose 2*n - 3*t = 2*t + 21, n = -4*t - 22. List the prime factors of n/19 + 4340/76.
3, 19
Suppose 6*n - 4*n + 4*l = 82, 2*n - 3*l - 96 = 0. What are the prime factors of (-4)/10 + 11763/n?
3, 29
Suppose 0 = -2*g + 2*i, 3 + 7 = 2*i. Suppose g*m = m. Suppose k - 64 = -2*f - 3*f, m = -k - 1. List the prime factors of f.
13
Let s(v) = 3*v - 10. Let j be s(4). Suppose j*h + 212 = 940. List the prime factors of h.
2, 7, 13
Suppose 20873 = 5*m - 3237. List the prime factors of m.
2, 2411
Let q(l) = 2*l**2 - 4*l - 11. Let r(y) = -3*y + 35. Let s be r(15). Let n be (s - -24)/(-2*(0 + 1)). What are the prime factors of q(n)?
5, 23
Let l be -54*(2/6)/(-2 - -1). Let g be 25/10*l/15. Suppose 3*h - t - 162 = 0, 8*h = g*h - t + 278. What are the prime factors of h?
5, 11
Let d be (-11302)/(-9) + 122/549. Let c = 1947 - d. List the prime factors of c.
691
Let s(q) = 250*q**3 - 2*q**2 - 12*q + 26. List the prime factors of s(4).
2, 7, 17, 67
Let j be (12/14)/(1/7). Suppose 2208 = 48*a - 576. Suppose j*n = 326 + a. List the prime factors of n.
2
Let x(l) = l**3 + 9*l**2 + 8. Let n be x(-9). Suppose -3*r = -n*r. Suppose -7*i + 460 + 121 = r. What are the prime factors of i?
83
Suppose 1510 - 8200 = -p. Let v be 2*2/(-24) - p/36. List the prime factors of 19/(-95) + v/(-5).
37
Let f = -260 + 263. Suppose f*i - 94 = 785. List the prime factors of i.
293
Let o(q) be the first derivative of 368*q**2 - 3*q - 68. What are the prime factors of o(1)?
733
Suppose -19*w = -15*w - 5*l - 636, -2*w = -5*l - 328. Let v = w - -70. What are the prime factors of v?
2, 7
Let h be (76/8)/(9/18). Let w(b) = b**2 - 8*b + 80. What are the prime factors of w(h)?
17
Suppose 3*a + 60 = 24. What are the prime factors of 38020/120 - 2/a?
317
Suppose -80 = -12*o - 8*o. Suppose 0 = o*h + 2*i - 3560, -2*h + 1030 = -5*i - 750. What are the prime factors of h?
2, 5, 89
Suppose 4*r - 2096 = 1712. Suppose 0 = -0*n - 8*n + r. What are the prime factors of n?
7, 17
Let b = 42334 + -21440. What are the prime factors of b?
2, 31, 337
Let z(j) = 2*j**2 + 20*j + 24. Let q(b) = b**3 - 21*b**2 + b. Let m be q(21). Suppose -m + 57 = -3*h. List the prime factors of z(h).
2, 3
Let y(w) = w - 3. Let t be y(3). Suppose 3*b = -t*b. Suppose b = 8*z - 6*z - 242. List the prime factors of z.
11
Suppose 3*c = -10 + 13. Let f be c + 1 + (-1 - 3). What are the prime factors of (72/84)/(f/(-84))?
2, 3
Let b = 65 + -55. Suppose 4*r - 4*c = -11 - 9, 2*c = 5*r + b. Suppose -3*w + 191 + 364 = r. What are the prime factors of w?
5, 37
List the prime factors of (-87850)/(-280)*(-712)/(-5).
2, 89, 251
Suppose 441*n + 3146 = 452*n. Suppose 5*t - 2*h - 458 = 0, 0 = -3*t + 5*h - h + n. List the prime factors of t.
2, 3, 5
What are the prime factors of (21/42)/((-2)/112284*-3)?
3, 3119
Let t(s) = -35*s - 60. Let z be t(-5). Let c = z + 5. What are the prime factors of c?
2, 3, 5
Suppose -4*g + 2568 + 40728 = 0. Let l be (-3)/((-4)/(g/18)). Let h = l + -247. What are the prime factors of h?
2, 3, 17
Let j be (-1)/(-3) - 22/(-6). Suppose -2*o = 2*z + 52, 5*z - 3*o = -40 - 50. What are the prime factors of 7*(z/(-3) - j)?
3, 7
Suppose -2*u = 3*d - 22670, 4*u + 66*d = 69*d + 45322. What are the prime factors of u?
2, 2833
Suppose 38*w - 12 = 34*w. Suppose w*g - 27 - 885 = 0. What are the prime factors of g?
2, 19
Let a = 260985 + -175454. List the prime factors of a.
85531
Let r(j) = 2*j**2 - 4*j - 5. Let u be r(4). Let s(m) = m**3 + 8*m + 51. What are the prime factors of s(u)?
2, 3, 5, 7
Let k = -20492 + 23392. What are the prime factors of k?
2, 5, 29
Let b(u) = 15*u**3 + 45*u**2 - 3*u - 4. Let y be b(-3). Suppose -9568 + 1808 = -y*i. What are the prime factors of i?
2, 97
Suppose 2*f + 344598 = 57*f - 351977. What are the prime factors of f?
5, 17, 149
Let u(i) = 2962*i - 4896. What are the prime factors of u(6)?
2, 3, 29, 37
Suppose 5974 = 4*f - 33*f. Suppose -82 - 382 = 4*q. Let x = q - f. What are the prime factors of x?
2, 3, 5
Let q = -3491 - -6181. Let h be (-13 + -1)/(4*(-5)/q). Suppose 53 + h = 8*c. List the prime factors of c.
2, 11
Let c(j) = -4*j - 105. Let x be c(20). Let p = -134 - x. What are the prime factors of p?
3, 17
Suppose 3*w = -2*k + 9328, 5*w = 11*k - 13*k + 15552. What are the prime factors of w?
2, 389
Let w(t) = -48*t + 14447. What are the prime factors of w(0)?
14447
Let v(u) be the second derivative of -u**5/20 - 5*u**4/6 + u**3 - 15*u**2/2 - 26*u. Let b be v(-11). Suppose -4*r - b = -492. List the prime factors of r.
113
Suppose 16 = 3*j - 0*j + w, -4*j + 3*w = -17. Suppose -103 = -r + t, j*t + 203 = 2*r + 4*t. List the prime factors of r.
2, 5
Let s(c) = 1423*c - 48. What are the prime factors of s(4)?
2, 17, 83
Let m = 15281 - -1141. What are the prime factors of m?
2, 3, 7, 17, 23
Let v = -80 - -82. Suppose 5*q + p = 38, 0*q + 18 = v*q - p. Suppose 12*k - 568 = q*k. What are the prime factors of k?
2, 71
Let j be (-15)/((-75)/10) + 443. Let z = -145 + j. What are the prime factors of z?
2, 3, 5
What are the prime factors of (-41)/(779/(-673132)) - (-15)/3?
3, 31, 127
Let i(m) = 2 - 9 + 32 - 6*m + 15*m**2. Let b be i(10). Suppose 12*d = -577 + b. List the prime factors of d.
2, 37
Suppose 492*d - 482*d = 90. What are the prime factors of d?
3
Let n = 3 - -22. Let p(u) = -8 - n - 2*u + 16*u. List the prime factors of p(7).
5, 13
Let z(o) = 5*o - 37. Let f be z(8). Suppose 0 = 5*p - i - 0*i - 2237, f*i + 1783 = 4*p. Suppose -p = -5*g + 42. What are the prime factors of g?
2, 7
What are the prime factors of 838/10*(29 - 19)?
2, 419
Suppose -4*o = -3*c - 2*c - 40, 37 = 5*o - 3*c. Suppose -o*b = -b - b. Suppose 2*u + 83 - 305 = b. List the prime factors of u.
3, 37
Let z = -160 + 164. Suppose 5*c - 5640 = -z*s, -4 = -2*s - 14. What are the prime factors of c?
2, 283
Suppose 50*u + 440239 = 134*u + 112639. What are the prime factors of u?
2, 3, 5, 13
Suppose 4*k - 3*s - 77 - 13 = 0, 4*k - 98 = -s. What are the prime factors of ((-2488)/k - 8)*-6?
2, 5, 67
Let f = -2037 + 8434. List the prime factors of f.
6397
Let y(t) = -t**3 - 71*t**2 + 942*t + 374. List the prime factors of y(-84).
2, 13, 499
Suppose 3*l = 12, 4*x + 4*l - 447 = 649. Suppose 2*w = 4*s - 360, -3*s + x = w - 4*w. Suppose -2*p + 416 = -s. List the prime factors of p.
11, 23
Suppose -5*h = -3*v - 11660, -5*h + 13116 = -4*v + 1451. What are the prime factors of h?
17, 137
Suppose -12 = -4*r - 3*b, -4*r - 16 = -2*r - 4*b. List the prime factors of (-5 - r)*-1 + 817 + -21.
3, 89
Let a = -186 + 182. List the prime factors of (3 + (-122)/8)*a.
7
List the prime factors of 4/((-4)/(-3)) - (-23)/(207/138798).
5, 617
Let y(j) = -3 + 0 - 9*j + 8*j. Let z be y(6). List the prime factors of (-2)/(-9) - 304/z.
2, 17
Let u(o) be the first derivative of 185*o**2 - 612*o + 175. What are the prime factors of u(6)?
2, 3, 67
Let l(q) = -q**2 - 23*q + 49. Let g be l(-24). Suppose 0*r = -3*r + 33. List the prime factors of (r + 3)*(g/2 + -1).
7, 23
Suppose 2*r - r = -2*x + 3, x + 2*r = -6. What are the prime factors of (2*-1)/(x*3/(-84))?
2, 7
Suppose 0 = -n + 716 + 670. Suppose -3*x = 5*a - n, -2*x - 3*x = -5*a - 2350. What are the prime factors of x?
467
Suppose -r + 10921 = -0*c + c, 5*c + 43720 = 4*r. List the prime factors of r.
5, 19, 23
Suppose -160 = -2*q - 5*l, -4*l + 299 = 3*q + 52. List the prime factors of (-4 - q/(-15)) + (-664)/(-3).
223
Let f(r) = 52*r**2 - 13*r - 37. Let m be f(-4). Let n = m + -481. What are the prime factors of n?
2, 3, 61
Suppose 3*g + 4*b - 137206 = 0, -4*g + 2*b = 4*b - 182918. List the prime factors of g.
2, 3, 7621
Suppose 46*d + 5*j = 44*d + 3934, d = -5*j + 1972. List the prime factors of d.
2, 3, 109
Suppose n = 3 + 1. Suppose n*g - 170 - 42 = -2*d, 5*d - 530 = -5*g. What are the prime factors of d?
2, 53
Suppose 1212513 + 305684 = 45*w - 161203. List the prime factors of w.
2, 3, 5, 311
Suppose 1529 = 3*g - 4*a, -4*g = -11*a + 13*a - 2068. List the pri